{"id":10189,"date":"2020-04-05T12:12:18","date_gmt":"2020-04-05T17:12:18","guid":{"rendered":"https:\/\/www.robertabudasalon.com\/product\/living-proof-restore-instant-protection-uv-heat\/"},"modified":"2020-06-03T16:10:14","modified_gmt":"2020-06-03T21:10:14","slug":"living-proof-proteccion-uv","status":"publish","type":"product","link":"https:\/\/robertabudasalon.com\/es\/shop\/living-proof-proteccion-uv\/","title":{"rendered":"Living Proof Proteccion UV y Calor"},"content":{"rendered":"<h3><a href=\"https:\/\/robertabudasalon.com\/es\/?attachment_id=9979\" rel=\"attachment wp-att-9979\"><img loading=\"lazy\" decoding=\"async\" class=\"alignleft wp-image-9979 size-medium\" src=\"https:\/\/robertabudasalon.com\/wp-content\/uploads\/2020\/04\/restore-instant-repair-300x300.jpg\" alt=\"Living Proof Proteccion UV\" width=\"300\" height=\"300\" srcset=\"https:\/\/robertabudasalon.com\/wp-content\/uploads\/2020\/04\/restore-instant-repair.jpg 300w, https:\/\/robertabudasalon.com\/wp-content\/uploads\/2020\/04\/restore-instant-repair.jpg 150w, https:\/\/robertabudasalon.com\/wp-content\/uploads\/2020\/04\/restore-instant-repair.jpg 100w, https:\/\/robertabudasalon.com\/wp-content\/uploads\/2020\/04\/restore-instant-repair.jpg 580w\" sizes=\"auto, (max-width: 300px) 100vw, 300px\" \/><\/a>Living Proof Proteccion UV 188 ml<\/h3>\n<p>Calor y Proteccion UV es un aerosol sin peso que agrega brillo mientras protege contra el calor y el da\u00f1o de los rayos UV.<\/p>\n<p>Agrega brillo y pulido instant\u00e1neos<br \/>\nProtecci\u00f3n contra el calor (hasta 450 \u00b0 F \/ 230 \u00b0 C)<\/p>\n<p>Use Living Proof Proteccion UV Spray despu\u00e9s de su rutina de cuidado normal despu\u00e9s de dejar y cremas para peinar. \u00daselo sobre el cabello h\u00famedo o seco inmediatamente antes de aplicar calor. Termine con el cabello seco despu\u00e9s de los aerosoles para mayor protecci\u00f3n contra los rayos UV.<\/p>\n<p>Todos conocen la marca de moda Balmain, lo que no todos saben es que desde 1974, tambi\u00e9n cuentan con una l\u00ednea especializada para el cabello, Balmain Hair Couture. En sus inicios era conocida \u00fanicamente por los expertos, salones y centros de belleza, pero con el paso del tiempo se ha ido dando a conocer a un poco m\u00e1s de p\u00fablico.<\/p>\n<p>Balmain busca mezclar los esenciales del cabello con los m\u00e1s recientes looks de pasarela, sus colecciones est\u00e1n inspiradas en los secretos del backstage y reflejan todo lo que una mujer necesita para crear una verdadera imagen de pasarela.<\/p>\n<p>Su director creativo, Nabil Harlow, es el creador de las tendencias cada estaci\u00f3n. Sus colecciones cuentan con una peque\u00f1a l\u00ednea de elementos esenciales que ayudan a cuidar, estilizar y consentir el cabello de la forma m\u00e1s exclusiva y elegante.<\/p>\n<p>Aldo Ek, el master trainer para Balmain en M\u00e9xico, coment\u00f3 en una entrevista \u201cEl haute couture en el pelo es un m\u00e9todo de cuidado y estilismo hecho a la medida. El objetivo es definir tus necesidades y brindarle exactamente lo que te dar\u00e1 los mejores resultados. <a href=\"http:\/\/www.balmain.com\">Balmain Hair<\/a> comenz\u00f3 a lanzar productos cada tres meses desde el 2010. Es una l\u00ednea muy peque\u00f1a, pero es justo as\u00ed pues queremos cumplir con los requerimientos espec\u00edficos de todas las mujeres; no creamos productos al aire. El pelo es multifac\u00e9tico, es diferente todos los d\u00edas y no siempre necesitar\u00e1 lo mismo, por eso hemos hecho una l\u00ednea que incluye productos para atacar todo tipo de problema o deseo\u201d.<\/p>\n","protected":false},"excerpt":{"rendered":"<p><a href=\"https:\/\/robertabudasalon.com\/?attachment_id=9979\" rel=\"attachment wp-att-9979\"><img loading=\"lazy\" decoding=\"async\" class=\"alignleft size-medium wp-image-9979\" src=\"https:\/\/robertabudasalon.com\/wp-content\/uploads\/2020\/04\/restore-instant-repair-300x300.jpg\" alt=\"\" width=\"300\" height=\"300\" srcset=\"https:\/\/robertabudasalon.com\/wp-content\/uploads\/2020\/04\/restore-instant-repair.jpg 300w, https:\/\/robertabudasalon.com\/wp-content\/uploads\/2020\/04\/restore-instant-repair.jpg 150w, https:\/\/robertabudasalon.com\/wp-content\/uploads\/2020\/04\/restore-instant-repair.jpg 100w, https:\/\/robertabudasalon.com\/wp-content\/uploads\/2020\/04\/restore-instant-repair.jpg 580w\" sizes=\"auto, (max-width: 300px) 100vw, 300px\" \/><\/a>188 ml<\/p>\n<p>Un aerosol sin peso que agrega brillo mientras protege contra el calor y el da\u00f1o de los rayos UV.<\/p>\n<p>Agrega brillo y pulido instant\u00e1neos<br \/>\nProtecci\u00f3n contra el calor (hasta 450 \u00b0 F \/ 230 \u00b0 C).<\/p>\n","protected":false},"featured_media":9980,"comment_status":"open","ping_status":"closed","template":"","meta":{"nf_dc_page":"","jetpack_post_was_ever_published":false,"jetpack_publicize_message":"","jetpack_publicize_feature_enabled":true,"jetpack_social_post_already_shared":false,"jetpack_social_options":{"image_generator_settings":{"template":"highway","default_image_id":0,"font":"","enabled":false},"version":2}},"product_brand":[],"product_cat":[150,286,151],"product_tag":[155,290,291,287,288,289],"yst_prominent_words":[1962,2410,1963,1959,2412,1961,313,2413,1762,2416,791,2406,2405,2414,319,1960,2408,2407,2409,2415],"class_list":{"0":"post-10189","1":"product","2":"type-product","3":"status-publish","4":"has-post-thumbnail","6":"product_cat-living-proof-es","7":"product_cat-restore-es","8":"product_cat-shop-es","9":"product_tag-acondicionador","10":"product_tag-heat-protectant-es","11":"product_tag-heat-protection-es","12":"product_tag-living-proof-restore-es","13":"product_tag-restore-es","14":"product_tag-uv-protection-es","15":"entry","17":"first","18":"instock","19":"shipping-taxable","20":"purchasable","21":"product-type-simple"},"jetpack_publicize_connections":[],"yoast_head":"<!-- This site is optimized with the Yoast SEO Premium plugin v14.4.1 - https:\/\/yoast.com\/wordpress\/plugins\/seo\/ -->\n<title>Living Proof Proteccion UV y Calor | Robert Abuda Merida Hair Salon<\/title>\n<meta name=\"description\" content=\"Living Proof Proteccion UV y Calor | Robert Abuda Merida Hair Salon | Productos de Belleza y ENV\u00cdOS A TODO M\u00c9XICO. Living Proof, Olaplex, Balmain\" \/>\n<meta name=\"robots\" content=\"index, follow\" \/>\n<meta name=\"googlebot\" content=\"index, follow, max-snippet:-1, max-image-preview:large, max-video-preview:-1\" \/>\n<meta name=\"bingbot\" content=\"index, follow, max-snippet:-1, max-image-preview:large, max-video-preview:-1\" \/>\n<link rel=\"canonical\" href=\"https:\/\/www.robertabudasalon.com\/es\/producto\/living-proof-proteccion-uv\/\" \/>\n<meta property=\"og:locale\" content=\"es_ES\" \/>\n<meta property=\"og:type\" content=\"article\" \/>\n<meta property=\"og:title\" content=\"Living Proof Proteccion UV y Calor | Robert Abuda Merida Hair Salon\" \/>\n<meta property=\"og:description\" content=\"Living Proof Proteccion UV y Calor | Robert Abuda Merida Hair Salon | Productos de Belleza y ENV\u00cdOS A TODO M\u00c9XICO. Living Proof, Olaplex, Balmain\" \/>\n<meta property=\"og:url\" content=\"https:\/\/www.robertabudasalon.com\/es\/producto\/living-proof-proteccion-uv\/\" \/>\n<meta property=\"og:site_name\" content=\"Robert Abuda Merida Hair Salon\" \/>\n<meta property=\"article:publisher\" content=\"https:\/\/www.facebook.com\/RobertAbudaSalondeBellezaMerida\" \/>\n<meta property=\"article:author\" content=\"https:\/\/www.facebook.com\/RobertAbudaSalondeBellezaMerida\" \/>\n<meta property=\"article:modified_time\" content=\"2020-06-03T21:10:14+00:00\" \/>\n<meta property=\"og:image\" content=\"https:\/\/robertabudasalon.com\/wp-content\/uploads\/2020\/04\/restore-instant-repair.jpg\" \/>\n\t<meta property=\"og:image:width\" content=\"580\" \/>\n\t<meta property=\"og:image:height\" content=\"580\" \/>\n<meta property=\"fb:app_id\" content=\"https:\/\/www.facebook.com\/RobertAbudaSalondeBellezaMerida\" \/>\n<meta name=\"twitter:card\" content=\"summary\" \/>\n<meta name=\"twitter:creator\" content=\"@RobAbudaSalon\" \/>\n<meta name=\"twitter:site\" content=\"@RobAbudaSalon\" \/>\n<script type=\"application\/ld+json\" class=\"yoast-schema-graph\">{\"@context\":\"https:\/\/schema.org\",\"@graph\":[{\"@type\":\"WebSite\",\"@id\":\"https:\/\/robertabudasalon.com\/es\/#website\",\"url\":\"https:\/\/robertabudasalon.com\/es\/\",\"name\":\"Robert Abuda Merida Hair Salon\",\"description\":\"Hair Salon Merida, Salon de Belleza Merida +52 999 926 3015, #470C Paseo de Montejo, Peluqueria y SPA.\",\"potentialAction\":[{\"@type\":\"SearchAction\",\"target\":\"https:\/\/robertabudasalon.com\/es\/?s={search_term_string}\",\"query-input\":\"required name=search_term_string\"}],\"inLanguage\":\"es-ES\"},{\"@type\":\"ImageObject\",\"@id\":\"https:\/\/www.robertabudasalon.com\/es\/producto\/living-proof-proteccion-uv\/#primaryimage\",\"inLanguage\":\"es-ES\",\"url\":\"https:\/\/robertabudasalon.com\/wp-content\/uploads\/2020\/04\/restore-instant-repair.jpg\",\"width\":580,\"height\":580},{\"@type\":\"WebPage\",\"@id\":\"https:\/\/www.robertabudasalon.com\/es\/producto\/living-proof-proteccion-uv\/#webpage\",\"url\":\"https:\/\/www.robertabudasalon.com\/es\/producto\/living-proof-proteccion-uv\/\",\"name\":\"Living Proof Proteccion UV y Calor | Robert Abuda Merida Hair Salon\",\"isPartOf\":{\"@id\":\"https:\/\/robertabudasalon.com\/es\/#website\"},\"primaryImageOfPage\":{\"@id\":\"https:\/\/www.robertabudasalon.com\/es\/producto\/living-proof-proteccion-uv\/#primaryimage\"},\"datePublished\":\"2020-04-05T17:12:18+00:00\",\"dateModified\":\"2020-06-03T21:10:14+00:00\",\"description\":\"Living Proof Proteccion UV y Calor | Robert Abuda Merida Hair Salon | Productos de Belleza y ENV\\u00cdOS A TODO M\\u00c9XICO. Living Proof, Olaplex, Balmain\",\"inLanguage\":\"es-ES\",\"potentialAction\":[{\"@type\":\"ReadAction\",\"target\":[\"https:\/\/www.robertabudasalon.com\/es\/producto\/living-proof-proteccion-uv\/\"]}]}]}<\/script>\n<!-- \/ Yoast SEO Premium plugin. -->","jetpack_sharing_enabled":true,"_links":{"self":[{"href":"https:\/\/robertabudasalon.com\/es\/wp-json\/wp\/v2\/product\/10189","targetHints":{"allow":["GET"]}}],"collection":[{"href":"https:\/\/robertabudasalon.com\/es\/wp-json\/wp\/v2\/product"}],"about":[{"href":"https:\/\/robertabudasalon.com\/es\/wp-json\/wp\/v2\/types\/product"}],"replies":[{"embeddable":true,"href":"https:\/\/robertabudasalon.com\/es\/wp-json\/wp\/v2\/comments?post=10189"}],"wp:featuredmedia":[{"embeddable":true,"href":"https:\/\/robertabudasalon.com\/es\/wp-json\/wp\/v2\/media\/9980"}],"wp:attachment":[{"href":"https:\/\/robertabudasalon.com\/es\/wp-json\/wp\/v2\/media?parent=10189"}],"wp:term":[{"taxonomy":"product_brand","embeddable":true,"href":"https:\/\/robertabudasalon.com\/es\/wp-json\/wp\/v2\/product_brand?post=10189"},{"taxonomy":"product_cat","embeddable":true,"href":"https:\/\/robertabudasalon.com\/es\/wp-json\/wp\/v2\/product_cat?post=10189"},{"taxonomy":"product_tag","embeddable":true,"href":"https:\/\/robertabudasalon.com\/es\/wp-json\/wp\/v2\/product_tag?post=10189"},{"taxonomy":"yst_prominent_words","embeddable":true,"href":"https:\/\/robertabudasalon.com\/es\/wp-json\/wp\/v2\/yst_prominent_words?post=10189"}],"curies":[{"name":"wp","href":"https:\/\/api.w.org\/{rel}","templated":true}]}}

<h3><a href="https://robertabudasalon.com/es/?attachment_id=9979" rel="attachment wp-att-9979"><img loading="lazy" decoding="async" class="alignleft wp-image-9979 size-medium" src="https://robertabudasalon.com/wp-content/uploads/2020/04/restore-instant-repair-300x300.jpg" alt="Living Proof Proteccion UV" width="300" height="300" srcset="https://robertabudasalon.com/wp-content/uploads/2020/04/restore-instant-repair.jpg 300w, https://robertabudasalon.com/wp-content/uploads/2020/04/restore-instant-repair.jpg 150w, https://robertabudasalon.com/wp-content/uploads/2020/04/restore-instant-repair.jpg 100w, https://robertabudasalon.com/wp-content/uploads/2020/04/restore-instant-repair.jpg 580w" sizes="auto, (max-width: 300px) 100vw, 300px" /></a>Living Proof Proteccion UV 188 ml</h3>
<p>Calor y Proteccion UV es un aerosol sin peso que agrega brillo mientras protege contra el calor y el daño de los rayos UV.</p>
<p>Agrega brillo y pulido instantáneos<br />
Protección contra el calor (hasta 450 ° F / 230 ° C)</p>
<p>Use Living Proof Proteccion UV Spray después de su rutina de cuidado normal después de dejar y cremas para peinar. Úselo sobre el cabello húmedo o seco inmediatamente antes de aplicar calor. Termine con el cabello seco después de los aerosoles para mayor protección contra los rayos UV.</p>
<p>Todos conocen la marca de moda Balmain, lo que no todos saben es que desde 1974, también cuentan con una línea especializada para el cabello, Balmain Hair Couture. En sus inicios era conocida únicamente por los expertos, salones y centros de belleza, pero con el paso del tiempo se ha ido dando a conocer a un poco más de público.</p>
<p>Balmain busca mezclar los esenciales del cabello con los más recientes looks de pasarela, sus colecciones están inspiradas en los secretos del backstage y reflejan todo lo que una mujer necesita para crear una verdadera imagen de pasarela.</p>
<p>Su director creativo, Nabil Harlow, es el creador de las tendencias cada estación. Sus colecciones cuentan con una pequeña línea de elementos esenciales que ayudan a cuidar, estilizar y consentir el cabello de la forma más exclusiva y elegante.</p>
<p>Aldo Ek, el master trainer para Balmain en México, comentó en una entrevista “El haute couture en el pelo es un método de cuidado y estilismo hecho a la medida. El objetivo es definir tus necesidades y brindarle exactamente lo que te dará los mejores resultados. <a href="http://www.balmain.com">Balmain Hair</a> comenzó a lanzar productos cada tres meses desde el 2010. Es una línea muy pequeña, pero es justo así pues queremos cumplir con los requerimientos específicos de todas las mujeres; no creamos productos al aire. El pelo es multifacético, es diferente todos los días y no siempre necesitará lo mismo, por eso hemos hecho una línea que incluye productos para atacar todo tipo de problema o deseo”.</p>

<p><a href="https://robertabudasalon.com/?attachment_id=9979" rel="attachment wp-att-9979"><img loading="lazy" decoding="async" class="alignleft size-medium wp-image-9979" src="https://robertabudasalon.com/wp-content/uploads/2020/04/restore-instant-repair-300x300.jpg" alt="" width="300" height="300" srcset="https://robertabudasalon.com/wp-content/uploads/2020/04/restore-instant-repair.jpg 300w, https://robertabudasalon.com/wp-content/uploads/2020/04/restore-instant-repair.jpg 150w, https://robertabudasalon.com/wp-content/uploads/2020/04/restore-instant-repair.jpg 100w, https://robertabudasalon.com/wp-content/uploads/2020/04/restore-instant-repair.jpg 580w" sizes="auto, (max-width: 300px) 100vw, 300px" /></a>188 ml</p>
<p>Un aerosol sin peso que agrega brillo mientras protege contra el calor y el daño de los rayos UV.</p>
<p>Agrega brillo y pulido instantáneos<br />
Protección contra el calor (hasta 450 ° F / 230 ° C).</p>

<!-- This site is optimized with the Yoast SEO Premium plugin v14.4.1 - https://yoast.com/wordpress/plugins/seo/ -->
<title>Living Proof Proteccion UV y Calor | Robert Abuda Merida Hair Salon</title>
<meta name="description" content="Living Proof Proteccion UV y Calor | Robert Abuda Merida Hair Salon | Productos de Belleza y ENVÍOS A TODO MÉXICO. Living Proof, Olaplex, Balmain" />
<meta name="robots" content="index, follow" />
<meta name="googlebot" content="index, follow, max-snippet:-1, max-image-preview:large, max-video-preview:-1" />
<meta name="bingbot" content="index, follow, max-snippet:-1, max-image-preview:large, max-video-preview:-1" />
<link rel="canonical" href="https://www.robertabudasalon.com/es/producto/living-proof-proteccion-uv/" />
<meta property="og:locale" content="es_ES" />
<meta property="og:type" content="article" />
<meta property="og:title" content="Living Proof Proteccion UV y Calor | Robert Abuda Merida Hair Salon" />
<meta property="og:description" content="Living Proof Proteccion UV y Calor | Robert Abuda Merida Hair Salon | Productos de Belleza y ENVÍOS A TODO MÉXICO. Living Proof, Olaplex, Balmain" />
<meta property="og:url" content="https://www.robertabudasalon.com/es/producto/living-proof-proteccion-uv/" />
<meta property="og:site_name" content="Robert Abuda Merida Hair Salon" />
<meta property="article:publisher" content="https://www.facebook.com/RobertAbudaSalondeBellezaMerida" />
<meta property="article:author" content="https://www.facebook.com/RobertAbudaSalondeBellezaMerida" />
<meta property="article:modified_time" content="2020-06-03T21:10:14+00:00" />
<meta property="og:image" content="https://robertabudasalon.com/wp-content/uploads/2020/04/restore-instant-repair.jpg" />
	<meta property="og:image:width" content="580" />
	<meta property="og:image:height" content="580" />
<meta property="fb:app_id" content="https://www.facebook.com/RobertAbudaSalondeBellezaMerida" />
<meta name="twitter:card" content="summary" />
<meta name="twitter:creator" content="@RobAbudaSalon" />
<meta name="twitter:site" content="@RobAbudaSalon" />
<script type="application/ld+json" class="yoast-schema-graph">{"@context":"https://schema.org","@graph":[{"@type":"WebSite","@id":"https://robertabudasalon.com/es/#website","url":"https://robertabudasalon.com/es/","name":"Robert Abuda Merida Hair Salon","description":"Hair Salon Merida, Salon de Belleza Merida +52 999 926 3015, #470C Paseo de Montejo, Peluqueria y SPA.","potentialAction":[{"@type":"SearchAction","target":"https://robertabudasalon.com/es/?s={search_term_string}","query-input":"required name=search_term_string"}],"inLanguage":"es-ES"},{"@type":"ImageObject","@id":"https://www.robertabudasalon.com/es/producto/living-proof-proteccion-uv/#primaryimage","inLanguage":"es-ES","url":"https://robertabudasalon.com/wp-content/uploads/2020/04/restore-instant-repair.jpg","width":580,"height":580},{"@type":"WebPage","@id":"https://www.robertabudasalon.com/es/producto/living-proof-proteccion-uv/#webpage","url":"https://www.robertabudasalon.com/es/producto/living-proof-proteccion-uv/","name":"Living Proof Proteccion UV y Calor | Robert Abuda Merida Hair Salon","isPartOf":{"@id":"https://robertabudasalon.com/es/#website"},"primaryImageOfPage":{"@id":"https://www.robertabudasalon.com/es/producto/living-proof-proteccion-uv/#primaryimage"},"datePublished":"2020-04-05T17:12:18+00:00","dateModified":"2020-06-03T21:10:14+00:00","description":"Living Proof Proteccion UV y Calor | Robert Abuda Merida Hair Salon | Productos de Belleza y ENV\u00cdOS A TODO M\u00c9XICO. Living Proof, Olaplex, Balmain","inLanguage":"es-ES","potentialAction":[{"@type":"ReadAction","target":["https://www.robertabudasalon.com/es/producto/living-proof-proteccion-uv/"]}]}]}</script>
<!-- / Yoast SEO Premium plugin. -->
