{"id":10117,"date":"2020-04-13T13:33:06","date_gmt":"2020-04-14T14:50:00","guid":{"rendered":"https:\/\/www.robertabudasalon.com\/product\/balmain-acondicionador-volumen\/"},"modified":"2020-06-16T13:11:08","modified_gmt":"2020-06-16T18:11:08","slug":"balmain-acon-volumen","status":"publish","type":"product","link":"https:\/\/robertabudasalon.com\/es\/shop\/balmain-acon-volumen\/","title":{"rendered":"Balmain Acondicionador Volumen"},"content":{"rendered":"<h3><a href=\"https:\/\/robertabudasalon.com\/es\/?attachment_id=10094\" rel=\"attachment wp-att-10094\"><img loading=\"lazy\" decoding=\"async\" class=\"alignleft wp-image-10094 size-medium\" src=\"https:\/\/robertabudasalon.com\/wp-content\/uploads\/2020\/04\/balmain-hair-volume-conditioner-300x300.jpg\" alt=\"Balmain Acondicionador de Volumen\" width=\"300\" height=\"300\" srcset=\"https:\/\/robertabudasalon.com\/wp-content\/uploads\/2020\/04\/balmain-hair-volume-conditioner.jpg 300w, https:\/\/robertabudasalon.com\/wp-content\/uploads\/2020\/04\/balmain-hair-volume-conditioner.jpg 150w, https:\/\/robertabudasalon.com\/wp-content\/uploads\/2020\/04\/balmain-hair-volume-conditioner.jpg 100w, https:\/\/robertabudasalon.com\/wp-content\/uploads\/2020\/04\/balmain-hair-volume-conditioner.jpg 550w\" sizes=\"auto, (max-width: 300px) 100vw, 300px\" \/><\/a>Balmain Acondicionador Volumen 300 ml<\/h3>\n<h4>Balmain Acondicionador Volumen<\/h4>\n<p>Da cuerpo extra debido a la f\u00f3rmula ligera. Cuidado extra y nutritivo para el cabello. Da cuerpo completo y volumen. Los ingredientes, la prote\u00edna de seda y el <a href=\"https:\/\/blog.oxfamintermon.org\/beneficios-del-aceite-de-argan-para-el-pelo\/\">aceite de arg\u00e1n<\/a>, estimulan una retenci\u00f3n de humedad \u00f3ptima dentro de la c\u00e9lula capilar, reparan y protegen el cabello da\u00f1ado, seco y d\u00e9bil de los extremos ambientales. The Care Line tiene una fragancia maravillosa y exclusiva, una mezcla \u00fanica de notas que te llevar\u00e1n al d\u00eda perfecto de verano. Cada vez que se utilizan los productos, enriquecen el cabello con ingredientes nutritivos y perfuman el cabello con este aroma misterioso, femenino y sexy.<\/p>\n<p>Acondicionador de volumen ligero.<br \/>\nFortalece y protege el cabello.<br \/>\nAcondicionador diario.<\/p>\n<p>Consejo detr\u00e1s del escenario: deje que el acondicionador repose el tiempo suficiente, necesita los minutos adicionales. \u00a1Disfruta de la ducha de vapor caliente mientras esperas! Balmain Acondicionador de Volumen<\/p>\n<p><a href=\"http:\/\/www.robertabudasalon.com\/es\/products\/balmain\/\">COMPRAR BALMAIN en linea<\/a><\/p>\n","protected":false},"excerpt":{"rendered":"<p><a href=\"https:\/\/robertabudasalon.com\/?attachment_id=10094\" rel=\"attachment wp-att-10094\"><img loading=\"lazy\" decoding=\"async\" class=\"alignleft size-medium wp-image-10094\" src=\"https:\/\/robertabudasalon.com\/wp-content\/uploads\/2020\/04\/balmain-hair-volume-conditioner-300x300.jpg\" alt=\"Balmain ACONDICIONADOR VOLUMEN\" width=\"300\" height=\"300\" srcset=\"https:\/\/robertabudasalon.com\/wp-content\/uploads\/2020\/04\/balmain-hair-volume-conditioner.jpg 300w, https:\/\/robertabudasalon.com\/wp-content\/uploads\/2020\/04\/balmain-hair-volume-conditioner.jpg 150w, https:\/\/robertabudasalon.com\/wp-content\/uploads\/2020\/04\/balmain-hair-volume-conditioner.jpg 100w, https:\/\/robertabudasalon.com\/wp-content\/uploads\/2020\/04\/balmain-hair-volume-conditioner.jpg 550w\" sizes=\"auto, (max-width: 300px) 100vw, 300px\" \/><\/a>300 ml<\/p>\n<p>Para cabello fino. Acondicionador de volumen ligero.<br \/>\nFortalece y protege el cabello.<br \/>\nAcondicionador diario.<\/p>\n","protected":false},"featured_media":10095,"comment_status":"closed","ping_status":"closed","template":"","meta":{"nf_dc_page":"","jetpack_post_was_ever_published":false,"jetpack_publicize_message":"","jetpack_publicize_feature_enabled":true,"jetpack_social_post_already_shared":true,"jetpack_social_options":{"image_generator_settings":{"template":"highway","default_image_id":0,"font":"","enabled":false},"version":2}},"product_brand":[],"product_cat":[261,251,151,262],"product_tag":[155,252,158,263,153],"yst_prominent_words":[2061,2058,2057,2869,332,2065,2868,276,317,2060,277,2031,2059,318,313,1955,278,319,321,320],"class_list":{"0":"post-10117","1":"product","2":"type-product","3":"status-publish","4":"has-post-thumbnail","6":"product_cat-acondicionador","7":"product_cat-balmain-es","8":"product_cat-shop-es","9":"product_cat-volumen","10":"product_tag-acondicionador","11":"product_tag-balmain-es","12":"product_tag-cabello-fino","13":"product_tag-fino","14":"product_tag-volume-es","15":"entry","17":"first","18":"outofstock","19":"shipping-taxable","20":"purchasable","21":"product-type-simple"},"jetpack_publicize_connections":[],"yoast_head":"<!-- This site is optimized with the Yoast SEO Premium plugin v14.4.1 - https:\/\/yoast.com\/wordpress\/plugins\/seo\/ -->\n<title>Balmain Acondicionador Volumen | Robert Abuda Merida Hair Salon<\/title>\n<meta name=\"description\" content=\"Balmain Acondicionador Volumen | Robert Abuda Merida Hair Salon | Salon de Belleza Merida, Productos de Belleza en Mexico. Balmain, Olaplex, Living Proof.\" \/>\n<meta name=\"robots\" content=\"index, follow\" \/>\n<meta name=\"googlebot\" content=\"index, follow, max-snippet:-1, max-image-preview:large, max-video-preview:-1\" \/>\n<meta name=\"bingbot\" content=\"index, follow, max-snippet:-1, max-image-preview:large, max-video-preview:-1\" \/>\n<link rel=\"canonical\" href=\"https:\/\/www.robertabudasalon.com\/es\/producto\/balmain-acon-volumen\/\" \/>\n<meta property=\"og:locale\" content=\"es_ES\" \/>\n<meta property=\"og:type\" content=\"article\" \/>\n<meta property=\"og:title\" content=\"Balmain Acondicionador Volumen | Robert Abuda Merida Hair Salon\" \/>\n<meta property=\"og:description\" content=\"Balmain Acondicionador Volumen | Robert Abuda Merida Hair Salon | Salon de Belleza Merida, Productos de Belleza en Mexico. Balmain, Olaplex, Living Proof.\" \/>\n<meta property=\"og:url\" content=\"https:\/\/www.robertabudasalon.com\/es\/producto\/balmain-acon-volumen\/\" \/>\n<meta property=\"og:site_name\" content=\"Robert Abuda Merida Hair Salon\" \/>\n<meta property=\"article:publisher\" content=\"https:\/\/www.facebook.com\/RobertAbudaSalondeBellezaMerida\" \/>\n<meta property=\"article:author\" content=\"https:\/\/www.facebook.com\/RobertAbudaSalondeBellezaMerida\" \/>\n<meta property=\"article:modified_time\" content=\"2020-06-16T18:11:08+00:00\" \/>\n<meta property=\"og:image\" content=\"https:\/\/robertabudasalon.com\/wp-content\/uploads\/2020\/04\/balmain-hair-volume-conditioner.jpg\" \/>\n\t<meta property=\"og:image:width\" content=\"550\" \/>\n\t<meta property=\"og:image:height\" content=\"550\" \/>\n<meta property=\"fb:app_id\" content=\"https:\/\/www.facebook.com\/RobertAbudaSalondeBellezaMerida\" \/>\n<meta name=\"twitter:card\" content=\"summary\" \/>\n<meta name=\"twitter:creator\" content=\"@RobAbudaSalon\" \/>\n<meta name=\"twitter:site\" content=\"@RobAbudaSalon\" \/>\n<script type=\"application\/ld+json\" class=\"yoast-schema-graph\">{\"@context\":\"https:\/\/schema.org\",\"@graph\":[{\"@type\":\"WebSite\",\"@id\":\"https:\/\/robertabudasalon.com\/es\/#website\",\"url\":\"https:\/\/robertabudasalon.com\/es\/\",\"name\":\"Robert Abuda Merida Hair Salon\",\"description\":\"Hair Salon Merida, Salon de Belleza Merida +52 999 926 3015, #470C Paseo de Montejo, Peluqueria y SPA.\",\"potentialAction\":[{\"@type\":\"SearchAction\",\"target\":\"https:\/\/robertabudasalon.com\/es\/?s={search_term_string}\",\"query-input\":\"required name=search_term_string\"}],\"inLanguage\":\"es-ES\"},{\"@type\":\"ImageObject\",\"@id\":\"https:\/\/www.robertabudasalon.com\/es\/producto\/balmain-acon-volumen\/#primaryimage\",\"inLanguage\":\"es-ES\",\"url\":\"https:\/\/robertabudasalon.com\/wp-content\/uploads\/2020\/04\/balmain-hair-volume-conditioner.jpg\",\"width\":550,\"height\":550,\"caption\":\"Balmain Volume Conditioner\"},{\"@type\":\"WebPage\",\"@id\":\"https:\/\/www.robertabudasalon.com\/es\/producto\/balmain-acon-volumen\/#webpage\",\"url\":\"https:\/\/www.robertabudasalon.com\/es\/producto\/balmain-acon-volumen\/\",\"name\":\"Balmain Acondicionador Volumen | Robert Abuda Merida Hair Salon\",\"isPartOf\":{\"@id\":\"https:\/\/robertabudasalon.com\/es\/#website\"},\"primaryImageOfPage\":{\"@id\":\"https:\/\/www.robertabudasalon.com\/es\/producto\/balmain-acon-volumen\/#primaryimage\"},\"datePublished\":\"2020-04-14T14:50:00+00:00\",\"dateModified\":\"2020-06-16T18:11:08+00:00\",\"description\":\"Balmain Acondicionador Volumen | Robert Abuda Merida Hair Salon | Salon de Belleza Merida, Productos de Belleza en Mexico. Balmain, Olaplex, Living Proof.\",\"inLanguage\":\"es-ES\",\"potentialAction\":[{\"@type\":\"ReadAction\",\"target\":[\"https:\/\/www.robertabudasalon.com\/es\/producto\/balmain-acon-volumen\/\"]}]}]}<\/script>\n<!-- \/ Yoast SEO Premium plugin. -->","jetpack_sharing_enabled":true,"_links":{"self":[{"href":"https:\/\/robertabudasalon.com\/es\/wp-json\/wp\/v2\/product\/10117","targetHints":{"allow":["GET"]}}],"collection":[{"href":"https:\/\/robertabudasalon.com\/es\/wp-json\/wp\/v2\/product"}],"about":[{"href":"https:\/\/robertabudasalon.com\/es\/wp-json\/wp\/v2\/types\/product"}],"replies":[{"embeddable":true,"href":"https:\/\/robertabudasalon.com\/es\/wp-json\/wp\/v2\/comments?post=10117"}],"wp:featuredmedia":[{"embeddable":true,"href":"https:\/\/robertabudasalon.com\/es\/wp-json\/wp\/v2\/media\/10095"}],"wp:attachment":[{"href":"https:\/\/robertabudasalon.com\/es\/wp-json\/wp\/v2\/media?parent=10117"}],"wp:term":[{"taxonomy":"product_brand","embeddable":true,"href":"https:\/\/robertabudasalon.com\/es\/wp-json\/wp\/v2\/product_brand?post=10117"},{"taxonomy":"product_cat","embeddable":true,"href":"https:\/\/robertabudasalon.com\/es\/wp-json\/wp\/v2\/product_cat?post=10117"},{"taxonomy":"product_tag","embeddable":true,"href":"https:\/\/robertabudasalon.com\/es\/wp-json\/wp\/v2\/product_tag?post=10117"},{"taxonomy":"yst_prominent_words","embeddable":true,"href":"https:\/\/robertabudasalon.com\/es\/wp-json\/wp\/v2\/yst_prominent_words?post=10117"}],"curies":[{"name":"wp","href":"https:\/\/api.w.org\/{rel}","templated":true}]}}

<h3><a href="https://robertabudasalon.com/es/?attachment_id=10094" rel="attachment wp-att-10094"><img loading="lazy" decoding="async" class="alignleft wp-image-10094 size-medium" src="https://robertabudasalon.com/wp-content/uploads/2020/04/balmain-hair-volume-conditioner-300x300.jpg" alt="Balmain Acondicionador de Volumen" width="300" height="300" srcset="https://robertabudasalon.com/wp-content/uploads/2020/04/balmain-hair-volume-conditioner.jpg 300w, https://robertabudasalon.com/wp-content/uploads/2020/04/balmain-hair-volume-conditioner.jpg 150w, https://robertabudasalon.com/wp-content/uploads/2020/04/balmain-hair-volume-conditioner.jpg 100w, https://robertabudasalon.com/wp-content/uploads/2020/04/balmain-hair-volume-conditioner.jpg 550w" sizes="auto, (max-width: 300px) 100vw, 300px" /></a>Balmain Acondicionador Volumen 300 ml</h3>
<h4>Balmain Acondicionador Volumen</h4>
<p>Da cuerpo extra debido a la fórmula ligera. Cuidado extra y nutritivo para el cabello. Da cuerpo completo y volumen. Los ingredientes, la proteína de seda y el <a href="https://blog.oxfamintermon.org/beneficios-del-aceite-de-argan-para-el-pelo/">aceite de argán</a>, estimulan una retención de humedad óptima dentro de la célula capilar, reparan y protegen el cabello dañado, seco y débil de los extremos ambientales. The Care Line tiene una fragancia maravillosa y exclusiva, una mezcla única de notas que te llevarán al día perfecto de verano. Cada vez que se utilizan los productos, enriquecen el cabello con ingredientes nutritivos y perfuman el cabello con este aroma misterioso, femenino y sexy.</p>
<p>Acondicionador de volumen ligero.<br />
Fortalece y protege el cabello.<br />
Acondicionador diario.</p>
<p>Consejo detrás del escenario: deje que el acondicionador repose el tiempo suficiente, necesita los minutos adicionales. ¡Disfruta de la ducha de vapor caliente mientras esperas! Balmain Acondicionador de Volumen</p>
<p><a href="http://www.robertabudasalon.com/es/products/balmain/">COMPRAR BALMAIN en linea</a></p>
